are the prime factors of z?
83
Suppose -6*x - 4 = 32, j - 5*x = 72546. What are the prime factors of j?
2, 3, 6043
Suppose 29*k - 31*k = -2*j - 17116, 5*j - 17137 = -2*k. Suppose 7*q - k - 2485 = 0. What are the prime factors of q?
2, 3, 263
Let y = -164 - -169. Suppose -4*d = y*l - 35 - 713, 0 = -5*l - 3*d + 746. List the prime factors of l.
2, 37
Let f = -9727 - -37007. List the prime factors of f.
2, 5, 11, 31
What are the prime factors of -126 - -132 - (-2080)/1?
2, 7, 149
Let p(d) be the third derivative of d**6/120 + 7*d**5/20 + 13*d**4/24 - 9*d**3/2 + d**2. Suppose 163 = -11*k - 57. List the prime factors of p(k).
113
Suppose -3*v = 2*v + 5*g, -v = -4*g. Suppose 0 = 27*h + 73 + 62. List the prime factors of (h + 4 - 1) + 95 + v.
3, 31
Let x = 28636 + -16900. Suppose -23*s - x = -29*s. What are the prime factors of s?
2, 3, 163
Suppose 0 = -q - 31 + 7. Let k = q - -12. List the prime factors of (k/4)/(-3) + 68.
3, 23
Let f(u) = 51*u**2 + 12*u + 1. Let s be f(-4). Suppose -5*x + s = 4*w - 76, -5*x - 230 = -w. List the prime factors of w.
5, 43
Let f(h) = 4*h**2 - 19*h - 59. Let i(o) = o**2 + 2*o. Let p(y) = f(y) - 5*i(y). What are the prime factors of p(-7)?
5, 19
Suppose -3*j - 4*g + 25 = 0, j + 4*g - 12 = 7. Let x(b) = -117 - 4*b**j - 19*b**2 - 5*b + 107 + 3*b**3. List the prime factors of x(-19).
5, 17
Let m be (-4 - 1) + (-8)/(-1). Suppose 0 = m*o - 54 - 228. Suppose 0 = -y + 88 + o. List the prime factors of y.
2, 7, 13
Suppose 38*p - 160661 = 55417 + 192270. List the prime factors of p.
2, 3, 199
Let x be 24/9*(-90)/12. Let n(h) = -h - 54. Let w be n(-14). Let d = x - w. List the prime factors of d.
2, 5
Let a(q) = q**3 + q**2 - 12*q + 13873. List the prime factors of a(0).
13873
Let y(h) = -121*h - 47. Let u be y(-4). Suppose 4*p - 986 = 5*z, 0 = 2*p - 4*z - u - 53. List the prime factors of p.
3, 83
Suppose 0 = -76*c + 73*c - 3*o + 21264, -14218 = -2*c + 4*o. List the prime factors of c.
3, 5, 11, 43
Suppose -72*h = 3*h + h - 1594556. What are the prime factors of h?
20981
Let p(x) be the first derivative of -15*x**2 + 10*x - 20. Let s(o) = o. Let t(m) = -p(m) - 4*s(m). List the prime factors of t(4).
2, 47
What are the prime factors of (-230209)/(-23) - 104/1196?
10009
Suppose 3*v - 4*v + 40 = 0. Suppose -l - 4*i = v, -14 = 2*l - 5*i + 1. List the prime factors of (-3990)/l*(24/9 - 2).
7, 19
Let x(c) = 18*c**2 - 21*c + 3. Suppose 28 = 6*p - 8. List the prime factors of x(p).
3, 5, 7
Let o = -1000 - -300. Let a = 2222 + o. List the prime factors of a.
2, 761
List the prime factors of 7/(49/75663) + 4 + (3 - 7).
3, 1201
Let f = -2232 + 24185. List the prime factors of f.
29, 757
Let y(r) = r + 4. Let f be y(0). Let p(o) = -4*o - 45. Let k be p(-20). Let l = k - f. List the prime factors of l.
31
Let t(d) = 2*d + 13. Suppose s - 21 = -3*i - 2*s, -5*s + 27 = i. Suppose -5*j + i*j + 5 = -f, -3 = -j. What are the prime factors of t(f)?
3, 7
Let m(h) = h**2 - 5. Let i be m(3). Suppose -i*x + 484 = f, 0*x - 4*f + 363 = 3*x. What are the prime factors of x?
11
Let m = 233 - 329. Let y be 4/(m/(-124)) - (-3)/(-18). Suppose 3*j - 3*i - 70 = -2*j, y*j - i = 70. List the prime factors of j.
2, 7
Let r be (-12)/(-8)*(5411/21 - 9). Let k = -17 + 26. Suppose -k*q + 248 = -r. What are the prime factors of q?
3, 23
Let t(j) = 182*j**2 + j + 1. Suppose 3*s - 78 = -72. Suppose -s*f - f + 2 = q, 4*q + 2 = -2*f. What are the prime factors of t(f)?
2, 23
Suppose -144*f - 472 = -145*f. What are the prime factors of f?
2, 59
Let v = 644 - 74. Suppose 0 = -5*w - 3*h + 5887, -4*w - 4*h + 5278 = v. What are the prime factors of w?
2, 19, 31
Suppose 2 = -14*f + 15*f. Suppose 0 = -3*l - 2*l - 4*q + 5670, -2*q = f*l - 2268. What are the prime factors of l?
2, 3, 7
Let l = 19607 + -5865. What are the prime factors of l?
2, 6871
Suppose 3*m = 0, -3*f + 2*m = 7 + 2. Let s(x) = x + 13*x**2 - 26137 + 26132 - 3*x + 2*x. List the prime factors of s(f).
2, 7
Suppose 3*u - 4*i = 0, 0 = -2*u - 0*u + 4*i. Suppose u = v - 244 - 71. Suppose 5*d + 6*s = 2*s + v, 3*d + s = 189. What are the prime factors of d?
3, 7
Suppose 2*w - 725 = 707. List the prime factors of w.
2, 179
Suppose 95050 = 63*y - 13*y. List the prime factors of y.
1901
Suppose 0 = 25*v + 43*v - 3*v - 840710. List the prime factors of v.
2, 29, 223
Suppose -46*d + 408702 = -607346. List the prime factors of d.
2, 11, 251
Let w = 47 - 48. Let c be 1 + (-3 - -53 - w). Suppose -c = 4*x - 272. List the prime factors of x.
5, 11
Let u(o) = 16*o**3 + 8*o**2 + 22*o - 74. What are the prime factors of u(8)?
2, 7, 17, 37
Let o be (-4)/8 + (-225)/(-30). Let f(h) = -4*h + 8*h**2 + 9 - 4*h - h**3 + 4*h. What are the prime factors of f(o)?
2, 3, 5
Let d(g) be the first derivative of -55*g**2 - 9*g - 75. List the prime factors of d(-2).
211
Let n(m) = 2*m**2 - 27 - 6*m**2 + 6*m**2 + 57 - 20*m. List the prime factors of n(11).
2, 13
Suppose -28 - 28 = 7*u. Let a(y) = y**3 + 10*y**2 - 31*y + 4. What are the prime factors of a(u)?
2, 5, 19
Let x(o) = 12*o**2 - 41*o - 944. List the prime factors of x(-36).
2, 4021
Suppose 299*r - 303*r + 3*o + 18361 = 0, -2*o = -4*r + 18362. What are the prime factors of r?
4591
Suppose 131*l - 173*l + 1438195 = -288551. What are the prime factors of l?
41113
Let i = 406 - 404. Let y(x) = 33*x**2 - 5. What are the prime factors of y(i)?
127
Suppose -4*t = -3*t + 5*k - 20793, -3*k - 9 = 0. Suppose 8*o + 9*o - t = 0. What are the prime factors of o?
2, 3, 17
Let u = 65 - 27. Let k(g) = -16*g**2 + 5 + 46*g**2 + 43*g - u*g. What are the prime factors of k(-1)?
2, 3, 5
Suppose 10*q - 2588 = 2532. Suppose -3*b = -2*a - 5*b + q, -2*b + 772 = 3*a. List the prime factors of a.
2, 5, 13
Let z(p) = p - 19. Let y be z(-15). Let f = y + 37. What are the prime factors of (114 - (3 - (f - 1))) + 2?
5, 23
Let r be (1/(-2) + (-106)/12)*12. Let i = r + 282. List the prime factors of i.
2, 5, 17
Let x be -10*21*(-16 - -15). Suppose -2*s + x = 4*p, -2*s - s + 3*p = -279. Suppose 223 = 5*v - 4*m - 304, s = v - 5*m. List the prime factors of v.
107
Let v = 18537 + -12451. List the prime factors of v.
2, 17, 179
Let i(j) = -j**2 - 20*j + 2. Let w be i(-20). Suppose -5 = 5*v, k - 3*k + w*v = -670. What are the prime factors of k?
2, 167
Suppose 23*j - 3*f + 7 = 25*j, 3*j - f = 16. Suppose 0 = c + a - 402, -3*c = -j*a + 313 - 1527. What are the prime factors of c?
13, 31
Suppose 20 = -6*u + 2*u. Let s = u - -20. What are the prime factors of (-42*s/20)/((-1)/2)?
3, 7
Let n(i) = -i**3 + 2*i**2 + 17*i - 8. Let v be n(5). Let r(a) = 11*a**2 - 6*a - 2. Let l be r(v). List the prime factors of l*1*8/8.
2, 3, 5
Let f(y) = -2*y - 22. Let r be f(-11). Suppose r = 5*x - 120 - 150. Suppose -56*q + 342 = -x*q. What are the prime factors of q?
3, 19
Let b(o) = 89*o**3 - o**2 + 10*o - 13. Let n(l) = 59*l**3 - l**2 + 7*l - 9. Let a(i) = 5*b(i) - 7*n(i). What are the prime factors of a(1)?
3, 11
Suppose 22*c - 252566 + 62442 = 0. What are the prime factors of c?
2, 29, 149
Suppose -10 = -2*x, -3*x - 35 = -2*z - 8*x. Let b = -286 - -422. List the prime factors of (z + (-35)/10)/(3/b).
2, 17
Let z(o) = -239*o - 936. List the prime factors of z(-31).
6473
Let x(b) = 102*b + 2407. What are the prime factors of x(0)?
29, 83
What are the prime factors of (-2)/13 - (139332/(-156) + 11)?
2, 3, 7
Let d(i) = 4*i**3 + 4*i. Let a = -37 + 42. Let x = a + -2. List the prime factors of d(x).
2, 3, 5
Let a(r) = -r - 20. Let t be a(-18). Let j be t/(-9) + (-140)/(-18). Suppose -i + j = -81. List the prime factors of i.
89
Let k = 6130 - 4006. Suppose -k = -17*l + 13*l. Suppose -314 = -5*q + l. List the prime factors of q.
13
Suppose -b - 23 + 22 = 0. Let j be 5/b*(-36 - 1). Suppose 0 = -3*f + 4*k + j, 3*f = 6*f + 5*k - 194. What are the prime factors of f?
3, 7
Let b be 3*(-3)/36 + 7502/(-8). Let r be 8/(-10) - b/35. List the prime factors of (-3 - r)/((-3 + 7)/(-12)).
3, 29
Suppose -4*b + b = -12, 8 = -p + 2*b. Let m = 2 + p. Suppose -3*v + 262 = m*s, 4*v - 335 - 327 = -5*s. List the prime factors of s.
2, 67
Let f = 16 + -24. Let b(d) = 43*d - 64. Let a(n) = 14*n - 21. Let u(m) = -7*a(m) + 2*b(m). What are the prime factors of u(f)?
5, 23
Suppose 119 = 17*k + 2907. Let g = k + 695. What are the prime factors of g?
3, 59
Suppose 4*g - 12*g - 